 12) in base 6?
5
10 (base 2) to base 12
2
-101 (base 2) to base 4
-11
What is -1231 (base 5) in base 12?
-13b
What is 4 (base 9) in base 2?
100
Convert 2 (base 5) to base 2.
10
What is 1 (base 10) in base 9?
1
-202 (base 3) to base 16
-14
-11212 (base 3) to base 9
-155
Convert -1 (base 13) to base 7.
-1
Convert 45 (base 10) to base 4.
231
5 (base 11) to base 6
5
Convert -31 (base 4) to base 5.
-23
What is 216 (base 7) in base 14?
7d
-202 (base 8) to base 10
-130
3 (base 16) to base 10
3
8 (base 13) to base 14
8
2 (base 7) to base 4
2
Convert 1 (base 8) to base 3.
1
What is 1a (base 14) in base 11?
22
-11 (base 3) to base 15
-4
6 (base 11) to base 6
10
What is 32 (base 11) in base 10?
35
-1 (base 9) to base 15
-1
What is -377 (base 9) in base 6?
-1241
Convert 2000 (base 3) to base 12.
46
Convert -61 (base 11) to base 12.
-57
What is -28 (base 11) in base 3?
-1010
Convert 5 (base 9) to base 4.
11
54 (base 6) to base 5
114
Convert 10101010 (base 2) to base 16.
aa
What is -10 (base 2) in base 8?
-2
-175 (base 13) to base 9
-324
-1 (base 14) to base 10
-1
Convert 30 (base 11) to base 3.
1020
2100 (base 4) to base 15
99
Convert 139 (base 13) to base 7.
430
Convert -4 (base 6) to base 9.
-4
Convert 447 (base 9) to base 2.
101101111
What is -1000 (base 3) in base 6?
-43
-48 (base 15) to base 13
-53
Convert -226 (base 12) to base 16.
-13e
Convert -11 (base 7) to base 6.
-12
c (base 14) to base 15
c
-5 (base 14) to base 3
-12
-3 (base 9) to base 16
-3
Convert -1 (base 3) to base 2.
-1
Convert -74 (base 12) to base 13.
-6a
What is 32 (base 4) in base 15?
e
What is -68 (base 11) in base 4?
-1022
10 (base 3) to base 16
3
-3 (base 11) to base 12
-3
Convert 0 (base 15) to base 4.
0
What is -4 (base 15) in base 5?
-4
What is 8 (base 14) in base 7?
11
-3 (base 16) to base 14
-3
What is -78 (base 12) in base 11?
-84
What is -42 (base 9) in base 12?
-32
12 (base 12) to base 15
e
-a (base 16) to base 11
-a
Convert -202 (base 4) to base 14.
-26
-9 (base 15) to base 9
-10
What is 4 (base 7) in base 4?
10
What is -15 (base 11) in base 16?
-10
What is -13 (base 13) in base 11?
-15
Convert -3c (base 13) to base 16.
-33
Convert 11 (base 5) to base 13.
6
What is 101110 (base 2) in base 4?
232
Convert -210 (base 4) to base 6.
-100
What is 14 (base 5) in base 2?
1001
-3 (base 6) to base 16
-3
What is 1 (base 9) in base 10?
1
Convert 35 (base 16) to base 10.
53
What is -4b (base 15) in base 4?
-1013
Convert -100 (base 2) to base 6.
-4
2 (base 10) to base 12
2
41 (base 8) to base 12
29
What is -21 (base 6) in base 4?
-31
What is -400 (base 7) in base 11?
-169
21 (base 10) to base 16
15
-3 (base 15) to base 14
-3
-2 (base 16) to base 7
-2
-1 (base 9) to base 2
-1
18b (base 13) to base 9
345
What is -1 (base 15) in base 16?
-1
What is -5 (base 11) in base 12?
-5
0 (base 14) to base 2
0
-12 (base 9) to base 16
-b
-544 (base 7) to base 10
-277
-30 (base 7) to base 10
-21
2 (base 3) to base 14
2
Convert -1001000 (base 2) to base 14.
-52
-102 (base 3) to base 5
-21
Convert -1011111 (base 2) to base 13.
-74
What is -12 (base 3) in base 9?
-5
What is 10 (base 4) in base 13?
4
What is 2100 (base 3) in base 12?
53
-44 (base 10) to base 14
-32
What is 1110 (base 2) in base 9?
15
What is -16 (base 15) in base 14?
-17
72 (base 10) to base 15
4c
What is 3 (base 12) in base 4?
3
3 (base 12) to base 11
3
4 (base 14) to base 8
4
Convert -3112 (base 4) to base 7.
-424
5c (base 16) to base 2
1011100
Convert 12 (base 13) to base 2.
1111
What is -6 (base 16) in base 14?
-6
What is -5 (base 10) in base 13?
-5
-3b (base 13) to base 12
-42
What is 26 (base 9) in base 2?
11000
Convert -3 (base 12) to base 6.
-3
-57 (base 15) to base 9
-101
-a (base 14) to base 3
-101
1302 (base 5) to base 9
244
Convert -9 (base 11) to base 7.
-12
What is -6 (base 16) in base 4?
-12
Convert -8 (base 13) to base 14.
-8
-c (base 13) to base 10
-12
Convert -1422 (base 5) to base 3.
-22210
65 (base 12) to base 16
4d
Convert -4 (base 10) to base 6.
-4
What is 1 (base 10) in base 16?
1
-1 (base 14) to base 9
-1
Convert 11 (base 6) to base 2.
111
13 (base 9) to base 4
30
-185 (base 9) to base 2
-10011110
-126 (base 8) to base 12
-72
What is 11 (base 2) in base 15?
3
Convert 2 (base 16) to base 10.
2
What is 11 (base 9) in base 4?
22
-10 (base 5) to base 12
-5
What is -a5 (base 16) in base 9?
-203
Convert -404 (base 6) to base 7.
-301
Convert 11 (base 7) to base 2.
1000
Convert 0 (base 16) to base 11.
0
Convert 5 (base 16) to base 5.
10
4 (base 14) to base 10
4
What is 11 (base 2) in base 8?
3
Convert -1 (base 13) to base 14.
-1
Convert -331 (base 6) to base 15.
-87
11 (base 5) to base 4
12
Convert 7 (base 15) to base 14.
7
Convert -101001 (base 2) to base 3.
-1112
6 (base 13) to base 5
11
Convert -102 (base 4) to base 3.
-200
What is 1 (base 16) in base 2?
1
What is -24 (base 9) in base 11?
-20
What is 110 (base 2) in base 10?
6
What is 135 (base 15) in base 12?
1ab
6 (base 12) to base 4
12
What is 2d (base 16) in base 11?
41
What is -14 (base 6) in base 16?
-a
What is 0 (base 11) in base 16?
0
102 (base 4) to base 12
16
7 (base 13) to base 15
7
5 (base 6) to base 4
11
252 (base 10) to base 7
510
Convert -4 (base 15) to base 6.
-4
Convert -2110 (base 5) to base 3.
-101101
-1 (base 12) to base 13
-1
What is 13 (base 12) in base 5?
30
Convert -2004 (base 5) to base 3.
-100102
What is -19 (base 14) in base 16?
-17
-5 (base 15) to base 9
-5
c (base 15) to base 4
30
What is 111 (base 2) in base 10?
7
Convert -8 (base 9) to base 14.
-8
Convert 21 (base 6) to base 7.
16
Convert 2 (base 15) to base 14.
2
Convert 0 (base 9) to base 12.
0
Convert 0 (base 5) to base 8.
0
What is 10 (base 3) in base 2?
11
Convert 1 (base 12) to base 16.
1
What is 3f (base 16) in base 4?
333
Convert -27 (base 12) to base 13.
-25
What is 211 (base 6) in base 11?
72
What is 44 (base 5) in base 12?
20
Convert e (base 16) to base 8.
16
22 (base 5) to base 6
20
What is 243 (base 11) in base 5?
2124
Convert 10022 (base 4) to base 3.
100212
-34 (base 10) to base 11
-31
Convert 23 (base 13) to base 6.
45
Convert -1343 (base 5) to base 8.
-337
What is -11 (base 4) in base 7?
-5
Convert -101 (base 4) to base 6.
-25
What is -26 (base 12) in base 10?
-30
Convert 0 (base 15) to base 3.
0
What is -30 (base 6) in base 4?
-102
Convert 100 (base 12) to base 8.
220
Convert 101 (base 8) to base 7.
122
Convert -1 (base 5) to base 14.
-1
Convert 1 (base 14) to base 10.
1
What is -6 (base 7) in base 15?
-6
What is 2 (base 5) in base 15?
2
-101 (base 2) to base 9
-5
Convert -12 (base 11) to base 5.
-23
Convert 10 (base 16) to base 2.
10000
-110 (base 2) to base 16
-6
Convert 12 (base 9) to base 15.
b
26 (base 7) to base 15
15
Convert -26 (base 8) to base 5.
-42
What is 4 (base 8) in base 14?
4
What is 5 (base 7) in base 6?
5
What is 3 (base 11) in base 15?
3
What is 300 (base 7) in base 10?
147
Convert 19 (base 12) to base 7.
30
-444 (base 5) to base 7
-235
68 (base 12) to base 10
80
Convert -1053 (base 6) to base 13.
-162
-2 (base 9) to base 10
-2
What is -6 (base 9) in base 4?
-12
What is -127 (base 11) in base 10?
-150
-5 (base 9) to base 5
-10
What is -107 (base 9) in base 8?
-130
Convert -321 (base 4) to base 14.
-41
What is 11 (base 11) in base 7?
15
What is 7 (base 12) in base 7?
10
-10 (base 9) to base 16
-9
Convert -10001 (base 3) to base 6.
-214
What is -3 (base 12) in base 7?
-3
-45 (base 10) to base 6
-113
-111 (base 2) to base 5
-12
What is -147 (base 8) in base 7?
-205
What is -6 (base 8) in base 6?
-10
-11 (base 9) to base 14
-a
Convert 158 (base 16) to base 11.
293
What is -6 (base 16) in base 12?
-6
Convert 1 (base 14) to base 11.
1
What is -52 (base 16) in base 2?
-1010010
What is -1101111 (base 2) in base 12?
-93
Convert -50 (base 9) to base 15.
-30
35 (base 6) to base 14
19
Convert -1 (base 5) to base 10.
-1
Convert -17 (base 9) to base 14.
-12
101 (base 2) to base 16
5
-101 (base 2) to base 4
-11
Convert 437 (base 9) to base 13.
217
Convert 4 (base 10) to base 13.
4
Convert -2 (base 11) to base 16.
-2
-43 (base 9) to base 12
-33
Convert 5 (base 7) to base 3.
12
8 (base 14) to base 6
12
Convert 1 (base 2) to base 6.
1
-233 (base 5) to base 16
-44
Convert -12 (base 13) to base 3.
-120
8 (base 10) to base 9
8
What is -132 (base 6) in base 5?
-211
3 (b